-5
Let g(p) = -5*p**2 + 46*p - 3. Calculate g(9).
6
Let h(r) = -24*r + 32. Give h(4).
-64
Let p(k) = -47*k + 910. Calculate p(20).
-30
Let f(x) = -14*x - 309. Calculate f(-20).
-29
Let a(l) = -6*l**2 + 77*l + 20. Give a(13).
7
Let i(p) = -57*p**2 + p - 11. Determine i(-2).
-241
Let l(h) = -33*h - 738. Determine l(-33).
351
Let z(j) = -j**3 + 17*j**2 - 13*j + 18. Calculate z(17).
-203
Let z(l) = -3*l**3 - 147*l**2 + 24*l + 1178. Determine z(-49).
2
Let b(o) = 3*o**3 + 3*o**2 - 40*o - 89. Determine b(-5).
-189
Let q(g) = -g**2 + 1078*g - 239000. Give q(312).
-8
Let o(z) = -30*z - 89. What is o(-20)?
511
Let u(c) = -4*c**2 + 31*c - 40. Determine u(5).
15
Let c(l) = 49*l**2 + 14*l + 20. Calculate c(-4).
748
Let c(g) = -5*g**2 + 131*g + 28. Give c(26).
54
Let c(l) = -3*l**2 + 164*l - 1334. Determine c(45).
-29
Let k(f) = f**2 + 59*f + 9. What is k(-54)?
-261
Let o(y) = -3*y**2 + 33*y - 25. What is o(11)?
-25
Let f(y) = 42*y - 2921. Give f(69).
-23
Let l(k) = 226*k + 1801. Calculate l(-8).
-7
Let p(h) = -h**2 + 91*h + 921. Determine p(-9).
21
Let v(f) = f**3 + 11*f**2 - 4*f - 24. Calculate v(-10).
116
Let w(s) = -11*s**2 + 23*s + 17. What is w(3)?
-13
Let u(z) = -128*z - 843. Determine u(-7).
53
Let h(u) = 29*u - 1372. What is h(48)?
20
Let x(u) = -58*u + 1563. Calculate x(25).
113
Let a(v) = -2*v**3 - 8*v**2 + 7*v - 15. Calculate a(-5).
0
Let d(n) = -4*n**2 - 119*n - 37. Calculate d(-14).
845
Let v(o) = -o**2 - 210*o - 1803. Calculate v(-9).
6
Let x(f) = 40*f - 1071. What is x(25)?
-71
Let n(a) = a**3 + 9*a**2 + 15*a + 19. Give n(-9).
-116
Let g(i) = -877*i - 52613. Calculate g(-60).
7
Let y(u) = -3*u**3 + 25*u**2 - 13*u + 36. Give y(8).
-4
Let s(q) = -43*q - 252. Calculate s(-7).
49
Let w(a) = 3*a**2 - 76*a - 1053. Calculate w(-10).
7
Let k(y) = -37*y**2 + 173*y + 28. What is k(5)?
-32
Let l(n) = 3*n**2 + 273*n. What is l(0)?
0
Let g(m) = 2*m**2 + 24*m - 42. Give g(-12).
-42
Let p(u) = -29*u**2 - 195*u + 44. Determine p(-7).
-12
Let d(r) = 15*r**3 - 2*r**2 - 2*r + 12. What is d(-2)?
-112
Let s(d) = -d**3 - d**2 + 57*d + 101. Calculate s(-7).
-4
Let f(s) = -29*s - 92. What is f(-26)?
662
Let q(x) = -38*x + 130. What is q(3)?
16
Let r(u) = u**3 - 76*u**2 + 71*u + 228. Give r(75).
-72
Let l(t) = -2*t**3 + 182*t**2 + 369*t + 216. What is l(93)?
-63
Let v(b) = -14*b - 22. What is v(-2)?
6
Let r(q) = 69*q - 526. What is r(8)?
26
Let i(r) = r**2 - r - 107. Determine i(-11).
25
Let z(u) = 585*u + 2930. Calculate z(-5).
5
Let v(l) = 3*l**3 + 391*l**2 + 131*l + 90. Determine v(-130).
-40
Let q(v) = -172*v + 1077. Give q(6).
45
Let s(p) = -123*p - 146. Give s(-1).
-23
Let d(x) = -x**2 - 63*x + 284. Give d(4).
16
Let s(o) = -o**3 + 209*o**2 + 293*o - 17418. Calculate s(210).
12
Let t(o) = 6*o + 64. Calculate t(-10).
4
Let m(n) = 9*n**3 + 18*n**2 + 21*n + 36. Give m(-2).
-6
Let z(k) = -3*k**3 + 3*k**2 - 16*k + 29. Give z(2).
-15
Let b(d) = -69*d - 2899. Calculate b(-45).
206
Let j(s) = 2*s**3 - 11*s**2 + 154*s - 744. What is j(5)?
1
Let s(x) = -7*x + 61. Give s(9).
-2
Let k(a) = -23*a + 607. Give k(30).
-83
Let v(g) = g**2 + 7*g - 172. Calculate v(-18).
26
Let u(k) = -5*k**2 + 87*k - 11. Determine u(18).
-65
Let m(y) = 15*y + 26. Give m(-10).
-124
Let d(a) = 160*a + 20. Determine d(2).
340
Let m(t) = 64*t**3 - 3*t**2 + 6*t - 5. Give m(2).
507
Let r(t) = 2518*t + 20172. Give r(-8).
28
Let w(m) = -m**3 - 4*m**2 + 64*m + 19. Calculate w(0).
19
Let a(i) = -i**3 - 18*i**2 - 71*i - 6. What is a(-15)?
384
Let v(s) = 14*s**3 + s**2 - 36*s - 36. Determine v(-1).
-13
Let b(l) = -224*l - 33827. Calculate b(-151).
-3
Let y(a) = -a**2 + 301*a - 3472. What is y(12)?
-4
Let m(h) = 171*h + 29754. Determine m(-174).
0
Let n(f) = -1161*f - 37146. Give n(-32).
6
Let p(b) = 9*b**2 - 64*b + 23. Give p(7).
16
Let h(n) = 9*n**3 + 22*n**2 - 9*n - 14. Calculate h(-2).
20
Let u(g) = -g**2 + 23*g + 78. Give u(33).
-252
Let u(z) = 15*z + 88. Calculate u(-7).
-17
Let f(l) = 1527*l + 18336. Give f(-12).
12
Let x(w) = 1000*w - 9005. Determine x(9).
-5
Let c(n) = -893*n + 161627. What is c(181)?
-6
Let g(p) = p**2 + 153*p + 4026. Determine g(-34).
-20
Let p(b) = -17*b - 212. Calculate p(-12).
-8
Let y(d) = 6*d**2 + 79*d - 57. What is y(-14)?
13
Let u(i) = -i**3 + 25*i**2 + 222*i - 18. Give u(-7).
-4
Let i(v) = -v**3 + 64*v**2 + 204*v - 70. Calculate i(67).
131
Let v(x) = -32*x + 189. Determine v(-11).
541
Let m(r) = 31*r - 4150. Give m(134).
4
Let t(a) = -a**3 + 19*a**2 - 11*a - 49. Calculate t(18).
77
Let y(v) = 5*v**2 + 77*v - 122. Give y(-19).
220
Let s(o) = -149*o - 869. Determine s(-6).
25
Let p(k) = -2*k**3 + 62*k**2 - 8*k + 236. Calculate p(31).
-12
Let y(g) = g**3 - 8*g**2 + 99*g - 170. Give y(2).
4
Let s(d) = d**2 + 31*d + 11. What is s(-21)?
-199
Let i(p) = -23*p**2 + p + 289. Calculate i(0).
289
Let v(w) = w**2 + 57*w + 591. Calculate v(-13).
19
Let c(t) = t**3 - t**2 + 230*t + 1546. What is c(-6)?
-86
Let r(c) = 8*c**3 - c**2 - 17*c - 34. What is r(-2)?
-68
Let d(v) = 6*v**2 + 608*v + 1387. What is d(-99)?
1
Let f(m) = -m**2 + 11*m + 149. Calculate f(21).
-61
Let g(r) = -2*r**3 + 36*r**2 + 81*r. What is g(20)?
20
Let o(t) = -232*t + 3721. Determine o(16).
9
Let h(o) = -o**3 + 38*o**2 + 3*o - 1. Give h(0).
-1
Let l(n) = -84*n + 1104. Determine l(13).
12
Let c(t) = -2*t**3 - 207*t**2 - 99*t + 755. Give c(-103).
343
Let h(t) = -129*t**2 + 775*t + 2. Calculate h(6).
8
Let n(i) = 113*i + 711. Determine n(-6).
33
Let p(n) = 17*n - 156. Give p(-26).
-598
Let a(t) = -t**3 - 8*t**2 + 629*t + 3788. What is a(-6)?
-58
Let r(g) = 526*g - 4217. Calculate r(8).
-9
Let i(p) = -p**2 + 148*p - 1113. Give i(8).
7
Let b(p) = -129*p + 6. Determine b(2).
-252
Let k(y) = y**3 + 20*y**2 + 16*y - 44. Calculate k(-19).
13
Let f(a) = 601*a + 7806. Give f(-13).
-7
Let j(q) = 52*q**2 - 37*q - 69. Calculate j(-2).
213
Let x(j) = 2*j**2 + 114*j - 3101. What is x(-77)?
-21
Let c(n) = 1304*n - 11743. Determine c(9).
-7
Let y(q) = -21*q**2 + 25*q - 81. What is y(5)?
-481
Let g(p) = 45*p + 2304. What is g(-60)?
-396
Let n(p) = -1097*p - 14244. What is n(-13)?
17
Let r(w) = -w**3 - 7*w + 246. Calculate r(0).
246
Let w(r) = -r**3 + 13*r**2 - 815*r + 10591. What is w(13)?
-4
Let i(b) = -23*b**2 + 123*b - 2. Give i(5).
38
Let o(w) = -178*w**2 + 33467*w - 565. Determine o(188).
-1
Let m(p) = 11*p**2 - 8*p - 4. Give m(2).
24
Let w(i) = 20*i**2 + 1112*i + 1113. Determine w(-1).
21
Let g(a) = -4*a**2 - 177*a - 339. Calculate g(-42).
39
Let k(j) = -j**2 + 29*j - 191. Give k(19).
-1
Let g(y) = -2*y**3 + 14*y**2 - 14*y + 32. Calculate g(4).
72
Let k(w) = -445*w - 1751. What is k(-4)?
29
Let n(g) = g**3 - 51*g**2 + 188*g + 76. What is n(47)?
76
Let c(v) = v**2 + 67*v + 95. What is c(-48)?
-817
Let n(g) = 3*g**2 - 88*g - 2316. Calculate n(-17).
47
Let f(d) = 2*d**2 + 190*d + 1180. Calculate f(-88).
-52
Let g(u) = -384*u + 14569. Calculate g(38).
-23
Let z(k) = -2*k**2 - 106*k - 69. What is z(-51)?
135
Let u(p) = -3*p**3 + 46*p**2 + 26*p + 51. Determine u(16).
-45
Let t(s) = s**3 + 3*s**2 - 50*s + 12. Calculate t(0).
12
Let m(x) = -2*x**2 + 470*x - 4070. Give m(9).
-2
Let w(g) = g**2 + 8*g - 52. Calculate w(4).
-4
Let i(j) = -151*j + 862. Give i(6).
-44
Let z(p) = 2*p**2 - 25*p - 124. Calculate z(17).
29
Let b(f) = f**2 - 30*f - 12. Give b(31).
19
Let g(s) = 14*s**2 - 30*s - 9. Determine g(3).
27
Let s(f) = 27*f - 337. Give s(10).
-67
Let t(f) = f**3 + 3*f**2 + 21*f - 3. Determine t(-6).
-237
Let n(o) = -37*o - 303. Calculate n(-10).
67
Let r(b) = -b**3 - 5*b**2 - 12*b + 7. What is r(-5)?
67
Let q(n) = 2*n**3 - 65*n**2 + 124*n + 1. Determine q(2).
5
Let n(k) = 7*k + 55. Calculate n(-14).
-43
Let h(q) = q**2 - 60*q + 458. Determine h(51).
-1
Let p(h) = -1619*h + 4911. Determine p(3).
54
Let b(c) = -c**3 - 11*c**2 + c - 63. Determine b(-11).
-74
Let d(m) = -2*m**3 - 150*m**2 - 289*m + 262. Calculate d(-73).
43
Let i(g) = -3*g**3 + 79*g**2 - 17*g - 226. What is i(26)?
8
Let r(o) = 172*o - 331. Determine r(2).
13
Let h(v) = -14*v**3 - 47*v**2 + v - 11. Calculate h(-4).
129
Let o(w) = 79*w - 18245. Determine o(231).
4
Let y(k) = k**3 - 11*k**2 + 14*k - 25. Give y(10).
15
Let r(i) = 78*i**3 + 3*i**2 - 18*i + 16. Determine r(1).
79
Let u(i) = -i + 80. Calculate u(9).
71
Let x(l) = 350*l + 2454. What is x(-7)?
4
Let o(c) = 2*c**3